 Determine t(6).
10
Let r(z) = -15 - 12*z - 9*z - 17*z + 39*z. Determine r(17).
2
Let q be (7/(-2))/(2/4). Let j(x) = 2*x**3 + 89*x**2 - 3*x + 6. Let w(y) = 3*y**3 + 126*y**2 - 4*y + 10. Let b(p) = -7*j(p) + 5*w(p). What is b(q)?
1
Let p(k) = -7*k**2 + 3*k - 6. Let m(h) = 4*h**2 - 186 + 2*h**2 - 3*h + 191. Let x(b) = 5*m(b) + 4*p(b). What is x(3)?
10
Let y be -2*4/6*-3. Let d(v) be the first derivative of -5/2*v**2 + 35 - 3*v + 2/3*v**3. What is d(y)?
9
Let p(f) = -27*f**2 + 13*f**2 - 2 + 12*f**2 + 3 - 5*f**3. What is p(-1)?
4
Let o(a) be the second derivative of a**3/2 + a**2 + a. Suppose 0 = -t + 3, -12*m + 2 = -17*m + 4*t. Calculate o(m).
8
Let o(s) = -s**3 - 2*s**2 + 3*s + 3. Suppose 21 = 4*d + 29. What is o(d)?
-3
Let a = 1841 + -1835. Let b(x) = 2*x - 25. Determine b(a).
-13
Let z(j) be the second derivative of -j**5/20 - j**4/12 + j**3/6 + j**2 - j. Let w(k) = 2*k**3 - 2*k**2 - 5*k - 2. Let h be w(0). Determine z(h).
4
Suppose -2*k = 2*q - 6*k - 28, 3*q - 3*k = 30. Let f(r) = -r + 2. Let i be f(6). Let p = q + i. Let h(s) = -2*s**2 + 2*s + 2. Determine h(p).
-2
Suppose 3*c = -c + 120. Let a(h) = h - h**3 - 60 + 10*h**2 + c + 25. What is a(10)?
5
Let g(y) be the third derivative of -y**6/360 - y**5/20 - y**4/3 - y**3 - 3*y**2. Let r(l) be the first derivative of g(l). What is r(-6)?
-8
Let r(s) = -2*s + 9. Let f = -21 - -23. Suppose f = c - 6. What is r(c)?
-7
Let w(s) = -s**3 - 5*s**2 + 4*s - 5. Suppose -31 = 27*h + 131. Give w(h).
7
Let s(d) = d**2 - 7*d - 4. Let v be s(9). Let n be (-4)/14 - 38/v. Let f(h) = 10*h - 21. Let g(u) = -2*u + 4. Let w(y) = 2*f(y) + 11*g(y). Determine w(n).
8
Let o(s) = -619 + 206 + 203 + 209 + s. Calculate o(-3).
-4
Let w be 2/(-3) + 0 - 280/(-24). Let d(g) = 18 + 10*g - w - 2*g - 6. Suppose -3*m - 2*j + 3*j = 5, -9 = -m - 5*j. What is d(m)?
-7
Let a(o) = -o**3 - 15*o**2 - 2*o - 18. Let s be 74/(-185) + (-73)/5. Give a(s).
12
Let f be 2/(-9) - (-12)/54. Suppose f = 2*g - 24 + 38. Let m(x) = -x**3 - 6*x**2 + 6*x - 6. Determine m(g).
1
Suppose 4*k = -2*t - 38, 2*k + 2*t + 16 = -8. Let y(p) = -2*p - 15. Give y(k).
-1
Suppose -4*m - x - 15 = 2, -3*m = -2*x + 21. Let t(a) = -a**2 - 6*a - 1. Let j be t(m). Let l(o) = j + o - 1 - 4 + 3. Give l(-4).
-2
Let q(h) be the first derivative of -h**4/2 - h**3 + h**2 - 3*h + 361. Determine q(2).
-27
Let w(q) = q**3 - 7*q**2 + 7*q - 9. Let y = -320 - -326. Determine w(y).
-3
Let r(m) be the third derivative of -m**5/60 + m**4/24 + 5*m**3/3 - m**2. Let v be 0/(-2*(-9)/6). What is r(v)?
10
Let c = -5 - -10. Let z = -8 + c. Let o be 5 - 4/((-4)/z). Let j(p) = -p**2 + 1. What is j(o)?
-3
Let t(x) = 3*x - 10. Let a(d) = -8*d + 22. Let c(y) = -3*a(y) - 7*t(y). Give c(-5).
-11
Let d(a) = -3*a - 25. Let t be (-3 + 6)*2/(-2) - 7. What is d(t)?
5
Let w(f) = -31*f**2 - 3*f + 1 + 3*f**2 + 19*f**2 + 0*f. Give w(2).
-41
Let o(u) = -u**3 + 4*u**2 - 2*u + 1. Suppose 53*i = 57*i - 12. Suppose -5*q = -2*n + 6*n + 2, -i*n + 4*q = -14. What is o(n)?
5
Let r(i) = 4 - 5*i - 2*i**2 + 3*i**2 + 2*i - 4*i. Let g be 2 + -2 - (-1 - 1). Let a = 6 - g. Determine r(a).
-8
Let p(l) = -2*l - 1. Let w be (-438)/(-27) + (-4)/18. Suppose -f - 13 = -w. Suppose f*x + 0*x = -3. What is p(x)?
1
Suppose -16 = -53*n + 45*n. Let r(c) = 765 - c**3 - 16*c + 3*c - 768 - 14*c**n. Determine r(-13).
-3
Let a(h) be the third derivative of h**6/120 - 2*h**5/15 + h**4/24 - 5*h**3/6 + 49*h**2. Give a(8).
3
Let n(f) be the third derivative of f**9/60480 + f**8/10080 - f**7/5040 - f**6/720 - 13*f**5/60 + 6*f**2. Let k(m) be the third derivative of n(m). Give k(2).
13
Let t be 10*(0 - 3/(-15)). Let m(g) = -3*g**2 - 1 + 0*g**2 + g**2 - 3*g + 3*g**t. Give m(4).
3
Let n(b) = -5*b - 39. Let o be n(-8). Let h(m) be the third derivative of 0 - 5/24*m**4 + 1/6*m**3 + 0*m + m**2. What is h(o)?
-4
Let r(z) = -1. Suppose -5 + 3 = -m. Let d(j) = -j**2 - 5. Let h(f) = m*r(f) + d(f). Suppose 0*s = 4*s. Calculate h(s).
-7
Let l(d) = -2*d**2 + 15*d - 1. Let g be l(7). Let f(k) = 2*k + 7. Give f(g).
19
Let b(s) = 5*s - 29. Let j(n) = -3*n + 25. Let h(r) = 5*b(r) + 4*j(r). What is h(4)?
7
Let n(g) = -18*g + 11. Let z(s) = -27*s + 17. Let u(t) = -8*n(t) + 5*z(t). Calculate u(-3).
-30
Let n(p) = p**3 - 5*p**2 - 8. Let u(o) = -4*o**3 + 15*o**2 + 2*o + 23. Let g(d) = 7*n(d) + 2*u(d). Determine g(-6).
2
Let y(u) = 3*u + 1. Let w = 238 - 240. Determine y(w).
-5
Let h(d) be the second derivative of -d**5/20 - d**4/3 + d**3 - 3*d**2 + 3*d. Suppose 3*x + 2*v = -7, v - 2*v = -3*x - 19. What is h(x)?
-11
Let c(q) = -2*q**3 - 6*q**2 - 5*q + 1. Let o = 16 - 23. Let z(w) = -w**3 - 3*w**2 - 2*w + 1. Let h(x) = o*z(x) + 3*c(x). Determine h(-4).
-16
Let w(h) be the first derivative of -h**2/2 + 2*h - 207. Give w(1).
1
Suppose -h = -3, -7 = -2*c - 36*h + 39*h. Let m(v) = -3*v + 9. Give m(c).
-15
Let b(j) = -15*j + 12. Let i(h) = -8*h + 5. Let r(z) = -3*b(z) + 5*i(z). Give r(3).
4
Let z(a) = -3*a + 3. Let b(n) = 16*n - 3. Let y(p) = b(p) + 3*z(p). Give y(-11).
-71
Let g(l) be the first derivative of 3*l**2/2 - 7*l + 35. Suppose -3*q + m - 2*m = -19, 0 = -2*q + 5*m + 7. Calculate g(q).
11
Let w be (-5)/10*(1 + -3). Let u(y) be the third derivative of -11*y**6/60 + y**5/60 - y**4/12 + y**3/6 + y**2. Give u(w).
-22
Let r(a) = 8*a + 1. Let v(f) = 15*f + 3. Let i(o) = 9*r(o) - 5*v(o). Suppose -4*d - 5*b + 320 = 0, 4*b + 245 = 4*d - 39. Let t = d - 79. Determine i(t).
6
Let g be (-3)/9 - 4/(-12). Let j = 4 - g. Let u(d) = -2*d + j - 3 + 0*d. Calculate u(-2).
5
Let r(y) = -4*y + 1. Let x(m) = -m**3 + 7*m**2 + 15*m - 108. Let c be x(7). Determine r(c).
13
Let w(v) be the third derivative of -v**4/24 + v**3/6 - 3*v**2 - 12. Suppose 6*m - m - 3*k + 24 = 0, 12 = -3*m + 3*k. Give w(m).
7
Let i(u) = 3*u - 25. Let q(p) = 7*p - 56. Let c(z) = -5*i(z) + 2*q(z). Determine c(7).
6
Let m(g) = 2 + 7*g + 5*g - 12 - 9*g. Determine m(7).
11
Let i(v) = -v**3 - 9*v**2 - v. Let h = 173 - 182. Calculate i(h).
9
Let p(x) be the second derivative of x**4/12 - 2*x**3/3 - x**2 - 2*x + 42. What is p(4)?
-2
Let w(m) = m**3 + 3*m**2 - 2*m + 2. Let b be w(-2). Let a(h) = h**2 - 13*h + 9. Give a(b).
-21
Let b(k) = -6*k - 4. Let a(r) = 2*r**3 + 23*r**2 + 12*r + 8. Let x be a(-11). Give b(x).
14
Let n(k) = k**3 - 2*k**2 - 4*k + 3. Let v be n(3). Let o(c) be the second derivative of -c**5/20 - c**4/12 - 10*c**2 + 10*c - 23. Calculate o(v).
-20
Let a(w) = w**3 - 38*w**2 - 9*w + 13. Let o(p) = -6*p**2 - p + 1. Let j(d) = a(d) - 6*o(d). Calculate j(3).
7
Let q(k) be the first derivative of -k**3/3 - 10*k**2 - 10*k - 551. Determine q(-20).
-10
Let u(o) = 5*o + 1. Let j = -6 - -9. Suppose -4*b = -j*t - 11, -3*b + 4 = 5*t + 3. Let i be (-3 - -3 - 6)/b. Give u(i).
-14
Let b(a) = a**2 + 6*a - 22. Suppose -2*s - k - 9 = 5, -5*s = 2*k + 37. Let v be b(s). Let z(c) = -2 + 5*c**2 - c**3 - 4 + 0*c + c. What is z(v)?
-1
Let z(c) be the third derivative of 0 - 1/6*c**4 - 1/360*c**6 + 0*c**3 - 7/120*c**5 + 0*c + 3*c**2. Let a(n) be the second derivative of z(n). What is a(-5)?
3
Let w(x) = x**2 - 11*x + 24. Let q be w(5). Let o(k) = -k**2 + 9*k + 4. Let r be o(9). Let h be q/r - 6/12. Let g(d) = -d. Determine g(h).
2
Let x(y) be the second derivative of -y**5/20 + 7*y**4/12 - y**3 - y. Let n be x(6). Let c(j) = -j + 3. Determine c(n).
3
Let n(o) = 13*o**3 - 8*o**2 - 8*o. Let c be n(-1). Let w(v) = v**2 + 13*v - 9. What is w(c)?
-9
Suppose i - 249 = -255. Let m(b) = -b**3 - 5*b**2 + 7*b + 8. What is m(i)?
2
Let s(q) = q**3 + 4*q**2. Let h(o) = -2*o**3 - 4*o**2 - o. Let x(t) = -2*h(t) - 3*s(t). Let v = -4 + 9. Suppose 2*b + 9 = v*b. What is x(b)?
-3
Let o = -1005 - -998. Let d(l) = l**3 + 8*l**2 + 3*l - 5. What is d(o)?
23
Let f(k) = -2*k**2 - 7*k - 1. Let c be -1 + (-3)/2 + (-81)/(-18). Suppose -4*r + 3*r = -10. Suppose c*l + r = -0*l. Give f(l).
-16
Let g = -138 + 68. Let a = 69 + g. Let r(c) = 23*c**2 + c. What is r(a)?
22
Let f(l) = -l**3 + 7*l**2 - 8*l - 11. Let d(t) = -t - 1. Let i = -52 - -48. Let j(r) = i*d(r) + f(r). Determine j(6).
5
Let g(q) = q**2 + 5*q - 4. Let c be g(-6). Suppose 3*x - 3*k - 29 = -c*x, -3*x = 2*k - 6. Let p(u) = -u**3 + 5*u**2 - 2*u - 3. What is p(x)?
5
Let l(s) = s**2 + 14*s - 77. Let v be l(-18). Let w(o) = 3*o**2 + 6*o. Calculate w(v).
45
Let d(m) = m**3 - m**2 - 4*m - 1. Let l be 